{"id":2452,"date":"2026-02-22T04:17:15","date_gmt":"2026-02-22T03:17:15","guid":{"rendered":"https:\/\/alanigroup.de\/?post_type=product&#038;p=2452"},"modified":"2026-02-22T05:00:58","modified_gmt":"2026-02-22T04:00:58","slug":"alani-thermo-collection-personalisierbare-flaschen-tumbler","status":"publish","type":"product","link":"https:\/\/alanigroup.de\/?product=alani-thermo-collection-personalisierbare-flaschen-tumbler","title":{"rendered":"ALANI Thermo Collection \u2013 Personalisierbare Flaschen &#038; Tumbler"},"content":{"rendered":"<p>Die ALANI Thermo Collection vereint alle Premium Trinkl\u00f6sungen in einem Produkt.<\/p>\n<p>W\u00e4hle Modell, Gr\u00f6\u00dfe, Farbe und Veredelung und gestalte dein pers\u00f6nliches Thermo-Produkt.<\/p>\n<p>Highlights:<br \/>\n\u2022 Doppelwandige Isolierung<br \/>\n\u2022 H\u00e4lt Getr\u00e4nke lange hei\u00df oder kalt<br \/>\n\u2022 Edelstahl Premium Qualit\u00e4t<br \/>\n\u2022 Klare Farben<\/p>\n<p>\u2022 Sp\u00fclmaschinenfest<br \/>\n\u2022 Perfekt als Geschenk oder Branding Produkt<\/p>\n<p>Ideal f\u00fcr B\u00fcro, Reisen, Fitness und Outdoor.<\/p>\n<div class=\"w-full my-4\">\n<div class=\"\">\n<div class=\"relative\">\n<div class=\"h-full min-h-0 min-w-0\">\n<div class=\"h-full min-h-0 min-w-0\">\n<div class=\"border corner-superellipse\/1.1 border-token-border-light bg-token-bg-elevated-secondary rounded-3xl\">\n<div class=\"corner-superellipse\/1.1 rounded-3xl bg-token-bg-elevated-secondary\">\n<div class=\"relative z-0 flex max-w-full\">\n<div id=\"code-block-viewer\" class=\"q9tKkq_viewer cm-editor z-10 light:cm-light dark:cm-light flex h-full w-full flex-col items-stretch \u037c5 \u037cj\" dir=\"ltr\">\n<div class=\"cm-scroller\">\n<div class=\"cm-content q9tKkq_readonly\">Jetzt Modell w\u00e4hlen &amp; gestalten<\/div>\n<\/div>\n<\/div>\n<\/div>\n<\/div>\n<\/div>\n<\/div>\n<\/div>\n<\/div>\n<\/div>\n<\/div>\n","protected":false},"excerpt":{"rendered":"<p>Premium Thermoflaschen und Becher mit Gravur oder Druck \u2013 individuell gestaltbar f\u00fcr Alltag, Sport und Geschenke.<\/p>\n<div>\u2714 Premium Edelstahl Qualit\u00e4t<\/div>\n<div>\u2714 Individuelle Gestaltung m\u00f6glich<\/div>\n<div>\u2714 Versand aus Deutschland<\/div>\n<div>Custom Bestseller<\/div>\n","protected":false},"featured_media":2453,"comment_status":"open","ping_status":"closed","template":"","meta":[],"product_brand":[26],"product_cat":[103,105,104],"product_tag":[124,107,108,117,109,123,112,122,126,125,127],"class_list":{"0":"post-2452","1":"product","2":"type-product","3":"status-publish","4":"has-post-thumbnail","6":"product_brand-alani","7":"product_cat-becher","8":"product_cat-geschenke","9":"product_cat-thermobecher","10":"product_tag-alani","11":"product_tag-edelstahl","12":"product_tag-geschenkidee","13":"product_tag-outdoor-becher","14":"product_tag-personalisierbar","15":"product_tag-premium-bottle","16":"product_tag-thermobecher","17":"product_tag-thermos","18":"product_tag-126","19":"product_tag-125","20":"product_tag-127","22":"first","23":"instock","24":"purchasable","25":"product-type-variable"},"_links":{"self":[{"href":"https:\/\/alanigroup.de\/index.php?rest_route=\/wp\/v2\/product\/2452","targetHints":{"allow":["GET"]}}],"collection":[{"href":"https:\/\/alanigroup.de\/index.php?rest_route=\/wp\/v2\/product"}],"about":[{"href":"https:\/\/alanigroup.de\/index.php?rest_route=\/wp\/v2\/types\/product"}],"replies":[{"embeddable":true,"href":"https:\/\/alanigroup.de\/index.php?rest_route=%2Fwp%2Fv2%2Fcomments&post=2452"}],"wp:featuredmedia":[{"embeddable":true,"href":"https:\/\/alanigroup.de\/index.php?rest_route=\/wp\/v2\/media\/2453"}],"wp:attachment":[{"href":"https:\/\/alanigroup.de\/index.php?rest_route=%2Fwp%2Fv2%2Fmedia&parent=2452"}],"wp:term":[{"taxonomy":"product_brand","embeddable":true,"href":"https:\/\/alanigroup.de\/index.php?rest_route=%2Fwp%2Fv2%2Fproduct_brand&post=2452"},{"taxonomy":"product_cat","embeddable":true,"href":"https:\/\/alanigroup.de\/index.php?rest_route=%2Fwp%2Fv2%2Fproduct_cat&post=2452"},{"taxonomy":"product_tag","embeddable":true,"href":"https:\/\/alanigroup.de\/index.php?rest_route=%2Fwp%2Fv2%2Fproduct_tag&post=2452"}],"curies":[{"name":"wp","href":"https:\/\/api.w.org\/{rel}","templated":true}]}}