{"id":2432,"date":"2026-02-22T03:18:22","date_gmt":"2026-02-22T02:18:22","guid":{"rendered":"https:\/\/alanigroup.de\/?post_type=product&#038;p=2432"},"modified":"2026-05-12T16:56:55","modified_gmt":"2026-05-12T15:56:55","slug":"alani-megatherm-tumbler-40oz","status":"publish","type":"product","link":"https:\/\/alanigroup.de\/?product=alani-megatherm-tumbler-40oz","title":{"rendered":"ALANI MegaTherm Tumbler 40oz"},"content":{"rendered":"<p>Der ALANI MegaTherm Tumbler wurde f\u00fcr Menschen entwickelt, die Leistung und Stil wollen.<\/p>\n<p>Mit seinem extra gro\u00dfen Fassungsverm\u00f6gen von bis zu 40oz h\u00e4lt er Getr\u00e4nke stundenlang hei\u00df oder eiskalt. Die doppelwandige Edelstahl-Isolierung sorgt f\u00fcr maximale Temperaturstabilit\u00e4t \u2013 egal ob im B\u00fcro, unterwegs oder beim Sport.<\/p>\n<p>\u2714 Extra gro\u00dfes Volumen (1000\u20131200ml)<br \/>\n\u2714 Hochwertiger Edelstahl<br \/>\n\u2714 Doppelwand-Isolierung<br \/>\n\u2714 Personalisierbar mit Laser oder Vinyl<br \/>\n\u2714 Perfekt f\u00fcr Alltag &amp; Outdoor<\/p>\n<p>Ein Premium-Becher f\u00fcr alle, die keine Kompromisse machen.<\/p>\n<p>Ein leistungsstarker Becher f\u00fcr Menschen, die Qualit\u00e4t erwarten.<\/p>\n<div class=\"w-full my-4\">\n<div class=\"\">\n<div class=\"relative\">\n<div class=\"h-full min-h-0 min-w-0\">\n<div class=\"h-full min-h-0 min-w-0\">\n<div class=\"border corner-superellipse\/1.1 border-token-border-light bg-token-bg-elevated-secondary rounded-3xl\">\n<div class=\"corner-superellipse\/1.1 rounded-3xl bg-token-bg-elevated-secondary\">\n<div class=\"relative z-0 flex max-w-full\">\n<div id=\"code-block-viewer\" class=\"q9tKkq_viewer cm-editor z-10 light:cm-light dark:cm-light flex h-full w-full flex-col items-stretch \u037c5 \u037cj\" dir=\"ltr\">\n<div class=\"cm-scroller\">\n<div class=\"cm-content q9tKkq_readonly\">Kaufe 3 und erhalte 4 f\u00fcr die Ganze Familie \u2013 ideal als Geschenk Set.<\/div>\n<\/div>\n<\/div>\n<\/div>\n<\/div>\n<\/div>\n<\/div>\n<\/div>\n<div class=\"\">\n<div class=\"\"><\/div>\n<\/div>\n<\/div>\n<\/div>\n<\/div>\n<div class=\"w-full my-4\">\n<div class=\"\">\n<div class=\"relative\">\n<div class=\"h-full min-h-0 min-w-0\">\n<div class=\"h-full min-h-0 min-w-0\">\n<div class=\"border corner-superellipse\/1.1 border-token-border-light bg-token-bg-elevated-secondary rounded-3xl\">\n<div class=\"corner-superellipse\/1.1 rounded-3xl bg-token-bg-elevated-secondary\">\n<div class=\"relative z-0 flex max-w-full\">\n<div id=\"code-block-viewer\" class=\"q9tKkq_viewer cm-editor z-10 light:cm-light dark:cm-light flex h-full w-full flex-col items-stretch \u037c5 \u037cj\" dir=\"ltr\">\n<div class=\"cm-scroller\">\n<div class=\"cm-content q9tKkq_readonly\">XXL Bestseller<\/div>\n<\/div>\n<\/div>\n<\/div>\n<\/div>\n<\/div>\n<\/div>\n<\/div>\n<div class=\"\">\n<div class=\"\">Upgrade auf Gravur +5\u20ac<\/div>\n<\/div>\n<\/div>\n<\/div>\n<\/div>\n","protected":false},"excerpt":{"rendered":"<p>Extra gro\u00dfer Edelstahl Thermobecher mit Premium-Isolierung. Perfekt f\u00fcr lange Tage, Reisen und Sport.<\/p>\n<p>\u2714 Premium Edelstahl Qualit\u00e4t<br \/>\n\u2714 H\u00e4lt Getr\u00e4nke stundenlang 9St.hei\u00df\/14.St.kalt<br \/>\n\u2714 Versand aus Deutschland<\/p>\n<div class=\"w-full my-4\">\n<div class=\"\">\n<div class=\"relative\">\n<div class=\"h-full min-h-0 min-w-0\">\n<div class=\"h-full min-h-0 min-w-0\">\n<div class=\"border corner-superellipse\/1.1 border-token-border-light bg-token-bg-elevated-secondary rounded-3xl\">\n<div class=\"corner-superellipse\/1.1 rounded-3xl bg-token-bg-elevated-secondary\">\n<div class=\"relative z-0 flex max-w-full\">\n<div id=\"code-block-viewer\" class=\"q9tKkq_viewer cm-editor z-10 light:cm-light dark:cm-light flex h-full w-full flex-col items-stretch \u037c5 \u037cj\" dir=\"ltr\">\n<div class=\"cm-scroller\">\n<div class=\"cm-content q9tKkq_readonly\">XXL Bestseller<\/div>\n<\/div>\n<\/div>\n<\/div>\n<\/div>\n<\/div>\n<\/div>\n<\/div>\n<\/div>\n<\/div>\n<\/div>\n<div class=\"w-full my-4\">\n<div class=\"\">\n<div class=\"relative\">\n<div class=\"h-full min-h-0 min-w-0\">\n<div class=\"h-full min-h-0 min-w-0\">\n<div class=\"border corner-superellipse\/1.1 border-token-border-light bg-token-bg-elevated-secondary rounded-3xl\">\n<div class=\"corner-superellipse\/1.1 rounded-3xl bg-token-bg-elevated-secondary\">\n<div class=\"relative z-0 flex max-w-full\">\n<div id=\"code-block-viewer\" class=\"q9tKkq_viewer cm-editor z-10 light:cm-light dark:cm-light flex h-full w-full flex-col items-stretch \u037c5 \u037cj\" dir=\"ltr\">\n<div class=\"cm-scroller\">\n<div class=\"cm-content q9tKkq_readonly\">\n<div class=\"w-full my-4\">\n<div class=\"\">\n<div class=\"relative\">\n<div class=\"h-full min-h-0 min-w-0\">\n<div class=\"h-full min-h-0 min-w-0\">\n<div class=\"border corner-superellipse\/1.1 border-token-border-light bg-token-bg-elevated-secondary rounded-3xl\">\n<div class=\"corner-superellipse\/1.1 rounded-3xl bg-token-bg-elevated-secondary\">\n<div class=\"relative z-0 flex max-w-full\">\n<div id=\"code-block-viewer\" class=\"q9tKkq_viewer cm-editor z-10 light:cm-light dark:cm-light flex h-full w-full flex-col items-stretch \u037c5 \u037cj\" dir=\"ltr\">\n<div class=\"cm-scroller\">\n<div class=\"cm-content q9tKkq_readonly\">Jetzt gestalten &amp; bestellen<\/div>\n<\/div>\n<\/div>\n<\/div>\n<\/div>\n<\/div>\n<\/div>\n<\/div>\n<\/div>\n<\/div>\n<\/div>\n<\/div>\n<\/div>\n<\/div>\n<\/div>\n<\/div>\n<\/div>\n<\/div>\n<\/div>\n<\/div>\n<\/div>\n<\/div>\n","protected":false},"featured_media":2442,"comment_status":"open","ping_status":"closed","template":"","meta":[],"product_brand":[26],"product_cat":[103,105,104],"product_tag":[108,115,120,117,121,118,119,116],"class_list":{"0":"post-2432","1":"product","2":"type-product","3":"status-publish","4":"has-post-thumbnail","6":"product_brand-alani","7":"product_cat-becher","8":"product_cat-geschenke","9":"product_cat-thermobecher","10":"product_tag-geschenkidee","11":"product_tag-groser-becher","12":"product_tag-kaffeebecher","13":"product_tag-outdoor-becher","14":"product_tag-soft-getranke","15":"product_tag-sport-becher","16":"product_tag-sportbecher","17":"product_tag-thermobecher-xl","19":"first","20":"instock","21":"sale","22":"purchasable","23":"product-type-variable"},"_links":{"self":[{"href":"https:\/\/alanigroup.de\/index.php?rest_route=\/wp\/v2\/product\/2432","targetHints":{"allow":["GET"]}}],"collection":[{"href":"https:\/\/alanigroup.de\/index.php?rest_route=\/wp\/v2\/product"}],"about":[{"href":"https:\/\/alanigroup.de\/index.php?rest_route=\/wp\/v2\/types\/product"}],"replies":[{"embeddable":true,"href":"https:\/\/alanigroup.de\/index.php?rest_route=%2Fwp%2Fv2%2Fcomments&post=2432"}],"wp:featuredmedia":[{"embeddable":true,"href":"https:\/\/alanigroup.de\/index.php?rest_route=\/wp\/v2\/media\/2442"}],"wp:attachment":[{"href":"https:\/\/alanigroup.de\/index.php?rest_route=%2Fwp%2Fv2%2Fmedia&parent=2432"}],"wp:term":[{"taxonomy":"product_brand","embeddable":true,"href":"https:\/\/alanigroup.de\/index.php?rest_route=%2Fwp%2Fv2%2Fproduct_brand&post=2432"},{"taxonomy":"product_cat","embeddable":true,"href":"https:\/\/alanigroup.de\/index.php?rest_route=%2Fwp%2Fv2%2Fproduct_cat&post=2432"},{"taxonomy":"product_tag","embeddable":true,"href":"https:\/\/alanigroup.de\/index.php?rest_route=%2Fwp%2Fv2%2Fproduct_tag&post=2432"}],"curies":[{"name":"wp","href":"https:\/\/api.w.org\/{rel}","templated":true}]}}