{"id":2094,"date":"2026-02-11T19:23:18","date_gmt":"2026-02-11T18:23:18","guid":{"rendered":"https:\/\/alanigroup.de\/?page_id=2094"},"modified":"2026-02-11T19:40:03","modified_gmt":"2026-02-11T18:40:03","slug":"impressum-datenschutz","status":"publish","type":"page","link":"https:\/\/alanigroup.de\/?page_id=2094","title":{"rendered":"Impressum &amp; Datenschutz"},"content":{"rendered":"\t\t<div data-elementor-type=\"wp-page\" data-elementor-id=\"2094\" class=\"elementor elementor-2094\">\n\t\t\t\t<div class=\"elementor-element elementor-element-2874480 e-flex e-con-boxed e-con e-parent\" data-id=\"2874480\" data-element_type=\"container\" data-e-type=\"container\">\n\t\t\t\t\t<div class=\"e-con-inner\">\n\t\t\t\t<div class=\"elementor-element elementor-element-efbf4ae elementor-widget elementor-widget-heading\" data-id=\"efbf4ae\" data-element_type=\"widget\" data-e-type=\"widget\" data-widget_type=\"heading.default\">\n\t\t\t\t<div class=\"elementor-widget-container\">\n\t\t\t\t\t<h2 class=\"elementor-heading-title elementor-size-default\">Impressum <\/h2>\t\t\t\t<\/div>\n\t\t\t\t<\/div>\n\t\t\t\t<div class=\"elementor-element elementor-element-9e1cf63 elementor-widget elementor-widget-text-editor\" data-id=\"9e1cf63\" data-element_type=\"widget\" data-e-type=\"widget\" data-widget_type=\"text-editor.default\">\n\t\t\t\t<div class=\"elementor-widget-container\">\n\t\t\t\t\t\t\t\t\t<blockquote data-start=\"998\" data-end=\"1626\"><p data-start=\"1000\" data-end=\"1022\">Angaben gem\u00e4\u00df \u00a75 TMG<\/p><p data-start=\"1029\" data-end=\"1057\"><strong data-start=\"1029\" data-end=\"1045\">Unternehmen:<\/strong><br data-start=\"1045\" data-end=\"1048\" \/>ALANI<\/p><p data-start=\"1064\" data-end=\"1108\"><strong data-start=\"1064\" data-end=\"1076\">Inhaber:<\/strong><br data-start=\"1076\" data-end=\"1079\" \/>[Dein vollst\u00e4ndiger Name]<\/p><p data-start=\"1115\" data-end=\"1189\"><strong data-start=\"1115\" data-end=\"1127\">Adresse:<\/strong><br data-start=\"1127\" data-end=\"1130\" \/>[Stra\u00dfe + Hausnummer]<br data-start=\"1153\" data-end=\"1156\" \/>[PLZ + Stadt]<br data-start=\"1171\" data-end=\"1174\" \/>Deutschland<\/p><p data-start=\"1196\" data-end=\"1273\"><strong data-start=\"1196\" data-end=\"1208\">Kontakt:<\/strong><br data-start=\"1208\" data-end=\"1211\" \/>E-Mail: <a class=\"decorated-link cursor-pointer\" rel=\"noopener\" data-start=\"1221\" data-end=\"1239\">info@alanigroup.de<\/a><br data-start=\"1239\" data-end=\"1242\" \/>Telefon: [+49 \u2026] (optional)<\/p><p data-start=\"1280\" data-end=\"1340\"><strong data-start=\"1280\" data-end=\"1300\">Umsatzsteuer-ID:<\/strong><br data-start=\"1300\" data-end=\"1303\" \/>[falls vorhanden \u2013 sonst l\u00f6schen]<\/p><p data-start=\"1347\" data-end=\"1424\"><strong data-start=\"1347\" data-end=\"1401\">Verantwortlich f\u00fcr den Inhalt nach \u00a755 Abs.2 RStV:<\/strong><br data-start=\"1401\" data-end=\"1404\" \/>[Name + Adresse]<\/p><p data-start=\"1431\" data-end=\"1626\">Haftungsausschluss:<br data-start=\"1450\" data-end=\"1453\" \/>Die Inhalte unserer Seiten wurden mit gr\u00f6\u00dfter Sorgfalt erstellt. F\u00fcr die Richtigkeit, Vollst\u00e4ndigkeit und Aktualit\u00e4t der Inhalte k\u00f6nnen wir jedoch keine Gew\u00e4hr \u00fcbernehmen.<\/p><\/blockquote>\t\t\t\t\t\t\t\t<\/div>\n\t\t\t\t<\/div>\n\t\t\t\t\t<\/div>\n\t\t\t\t<\/div>\n\t\t<div class=\"elementor-element elementor-element-9e378bd e-flex e-con-boxed e-con e-parent\" data-id=\"9e378bd\" data-element_type=\"container\" data-e-type=\"container\">\n\t\t\t\t\t<div class=\"e-con-inner\">\n\t\t\t\t<div class=\"elementor-element elementor-element-3ed1faa elementor-widget elementor-widget-heading\" data-id=\"3ed1faa\" data-element_type=\"widget\" data-e-type=\"widget\" data-widget_type=\"heading.default\">\n\t\t\t\t<div class=\"elementor-widget-container\">\n\t\t\t\t\t<h2 class=\"elementor-heading-title elementor-size-default\">DatenSchutz<\/h2>\t\t\t\t<\/div>\n\t\t\t\t<\/div>\n\t\t\t\t<div class=\"elementor-element elementor-element-e9007cd elementor-widget elementor-widget-text-editor\" data-id=\"e9007cd\" data-element_type=\"widget\" data-e-type=\"widget\" data-widget_type=\"text-editor.default\">\n\t\t\t\t<div class=\"elementor-widget-container\">\n\t\t\t\t\t\t\t\t\t<p data-start=\"1658\" data-end=\"1691\">Datenschutzerkl\u00e4rung<\/p><p data-start=\"1693\" data-end=\"1702\"><strong data-start=\"1693\" data-end=\"1702\">Text:<\/strong><\/p><blockquote data-start=\"1703\" data-end=\"3296\"><p data-start=\"1705\" data-end=\"1896\">Wir nehmen den Schutz Ihrer pers\u00f6nlichen Daten sehr ernst. Ihre Daten werden vertraulich und entsprechend der gesetzlichen Datenschutzvorschriften sowie dieser Datenschutzerkl\u00e4rung behandelt.<\/p><h3 data-start=\"1901\" data-end=\"1924\">1. Verantwortlicher<\/h3><p data-start=\"1927\" data-end=\"2051\">Verantwortlich f\u00fcr die Datenverarbeitung auf dieser Website:<br data-start=\"1987\" data-end=\"1990\" \/>ALANI<\/p><p data-start=\"1927\" data-end=\"2051\"><br data-start=\"1997\" data-end=\"2000\" \/>71636 Ludwigsburg<\/p><p data-start=\"1927\" data-end=\"2051\">E-Mail: <a class=\"decorated-link cursor-pointer\" rel=\"noopener\" data-start=\"2033\" data-end=\"2051\">info@alanigroup.de<\/a><\/p><hr data-start=\"2056\" data-end=\"2059\" \/><h3 data-start=\"2064\" data-end=\"2105\">2. Datenerfassung auf unserer Website<\/h3><p data-start=\"2108\" data-end=\"2212\">Ihre Daten werden zum einen dadurch erhoben, dass Sie uns diese mitteilen (z. B. \u00fcber Kontaktformulare).<\/p><p data-start=\"2217\" data-end=\"2377\">Andere Daten werden automatisch beim Besuch der Website durch unsere IT-Systeme erfasst. Das sind vor allem technische Daten (Browser, Betriebssystem, Uhrzeit).<\/p><hr data-start=\"2382\" data-end=\"2385\" \/><h3 data-start=\"2390\" data-end=\"2419\">3. Zweck der Verarbeitung<\/h3><p data-start=\"2422\" data-end=\"2451\">Die Daten werden erhoben, um:<\/p><ul data-start=\"2454\" data-end=\"2577\"><li data-start=\"2454\" data-end=\"2516\"><p data-start=\"2456\" data-end=\"2516\">eine fehlerfreie Bereitstellung der Website zu gew\u00e4hrleisten<\/p><\/li><li data-start=\"2519\" data-end=\"2547\"><p data-start=\"2521\" data-end=\"2547\">Bestellungen zu bearbeiten<\/p><\/li><li data-start=\"2550\" data-end=\"2575\"><p data-start=\"2552\" data-end=\"2575\">Anfragen zu beantworten<\/p><\/li><\/ul><hr data-start=\"2580\" data-end=\"2583\" \/><h3 data-start=\"2588\" data-end=\"2621\">4. WooCommerce &amp; Bestellungen<\/h3><p data-start=\"2624\" data-end=\"2731\">Wenn Sie \u00fcber unseren Shop bestellen, speichern wir Ihre Daten zur Abwicklung der Bestellung und Lieferung.<\/p><hr data-start=\"2736\" data-end=\"2739\" \/><h3 data-start=\"2744\" data-end=\"2766\">5. Kontaktformular<\/h3><p data-start=\"2769\" data-end=\"2863\">Wenn Sie uns per Formular Anfragen senden, werden Ihre Angaben zwecks Bearbeitung gespeichert.<\/p><hr data-start=\"2868\" data-end=\"2871\" \/><h3 data-start=\"2876\" data-end=\"2890\">6. Cookies<\/h3><p data-start=\"2893\" data-end=\"3005\">Unsere Website verwendet Cookies. Cookies richten auf Ihrem Rechner keinen Schaden an und enthalten keine Viren.<\/p><hr data-start=\"3010\" data-end=\"3013\" \/><h3 data-start=\"3018\" data-end=\"3036\">7. Ihre Rechte<\/h3><p data-start=\"3039\" data-end=\"3073\">Sie haben jederzeit das Recht auf:<\/p><ul data-start=\"3076\" data-end=\"3153\"><li data-start=\"3076\" data-end=\"3086\"><p data-start=\"3078\" data-end=\"3086\">Auskunft<\/p><\/li><li data-start=\"3089\" data-end=\"3103\"><p data-start=\"3091\" data-end=\"3103\">Berichtigung<\/p><\/li><li data-start=\"3106\" data-end=\"3116\"><p data-start=\"3108\" data-end=\"3116\">L\u00f6schung<\/p><\/li><li data-start=\"3119\" data-end=\"3151\"><p data-start=\"3121\" data-end=\"3151\">Einschr\u00e4nkung der Verarbeitung<\/p><\/li><\/ul><hr data-start=\"3156\" data-end=\"3159\" \/><h3 data-start=\"3164\" data-end=\"3190\">8. SSL-Verschl\u00fcsselung<\/h3><p data-start=\"3193\" data-end=\"3259\">Diese Seite nutzt aus Sicherheitsgr\u00fcnden eine SSL-Verschl\u00fcsselung.<\/p><hr data-start=\"3264\" data-end=\"3267\" \/><p data-start=\"3272\" data-end=\"3296\">Stand: [12.01.2026]<\/p><\/blockquote>\t\t\t\t\t\t\t\t<\/div>\n\t\t\t\t<\/div>\n\t\t\t\t\t<\/div>\n\t\t\t\t<\/div>\n\t\t<div class=\"elementor-element elementor-element-ab56ae7 e-flex e-con-boxed e-con e-parent\" data-id=\"ab56ae7\" data-element_type=\"container\" data-e-type=\"container\">\n\t\t\t\t\t<div class=\"e-con-inner\">\n\t\t\t\t\t<\/div>\n\t\t\t\t<\/div>\n\t\t\t\t<\/div>\n\t\t","protected":false},"excerpt":{"rendered":"<p>Impressum Angaben gem\u00e4\u00df \u00a75 TMG Unternehmen:ALANI Inhaber:[Dein vollst\u00e4ndiger Name] Adresse:[Stra\u00dfe + Hausnummer][PLZ + Stadt]Deutschland Kontakt:E-Mail: info@alanigroup.deTelefon: [+49 \u2026] (optional) Umsatzsteuer-ID:[falls vorhanden \u2013 sonst l\u00f6schen] Verantwortlich f\u00fcr den Inhalt nach \u00a755 Abs.2 RStV:[Name + Adresse] Haftungsausschluss:Die Inhalte unserer Seiten wurden mit gr\u00f6\u00dfter Sorgfalt erstellt. F\u00fcr die Richtigkeit, Vollst\u00e4ndigkeit und Aktualit\u00e4t der Inhalte k\u00f6nnen wir jedoch keine [&hellip;]<\/p>\n","protected":false},"author":1,"featured_media":0,"parent":0,"menu_order":0,"comment_status":"closed","ping_status":"closed","template":"","meta":{"footnotes":""},"class_list":["post-2094","page","type-page","status-publish","hentry"],"_hostinger_reach_plugin_has_subscription_block":false,"_hostinger_reach_plugin_is_elementor":false,"_links":{"self":[{"href":"https:\/\/alanigroup.de\/index.php?rest_route=\/wp\/v2\/pages\/2094","targetHints":{"allow":["GET"]}}],"collection":[{"href":"https:\/\/alanigroup.de\/index.php?rest_route=\/wp\/v2\/pages"}],"about":[{"href":"https:\/\/alanigroup.de\/index.php?rest_route=\/wp\/v2\/types\/page"}],"author":[{"embeddable":true,"href":"https:\/\/alanigroup.de\/index.php?rest_route=\/wp\/v2\/users\/1"}],"replies":[{"embeddable":true,"href":"https:\/\/alanigroup.de\/index.php?rest_route=%2Fwp%2Fv2%2Fcomments&post=2094"}],"version-history":[{"count":7,"href":"https:\/\/alanigroup.de\/index.php?rest_route=\/wp\/v2\/pages\/2094\/revisions"}],"predecessor-version":[{"id":2107,"href":"https:\/\/alanigroup.de\/index.php?rest_route=\/wp\/v2\/pages\/2094\/revisions\/2107"}],"wp:attachment":[{"href":"https:\/\/alanigroup.de\/index.php?rest_route=%2Fwp%2Fv2%2Fmedia&parent=2094"}],"curies":[{"name":"wp","href":"https:\/\/api.w.org\/{rel}","templated":true}]}}